{"id":21,"date":"2022-02-01T10:56:33","date_gmt":"2022-02-01T10:56:33","guid":{"rendered":"https:\/\/teenchallenge-ostrow.pl\/?page_id=21"},"modified":"2022-02-01T10:57:27","modified_gmt":"2022-02-01T10:57:27","slug":"wesprzyj-nas","status":"publish","type":"page","link":"https:\/\/teenchallenge-ostrow.pl\/?page_id=21","title":{"rendered":"Wesprzyj Nas"},"content":{"rendered":"<p style=\"text-align: justify;\">Prowadzenie stowarzyszenia oraz realizowanie wielu dzia\u0142a\u0144 i projekt\u00f3w wymaga od nas wielu \u015brodk\u00f3w finansowych i ogromnego nak\u0142adu pracy.<br \/>\nJe\u015bli podoba ci si\u0119 to, co robimy \u2013 mo\u017cesz wspom\u00f3c nasz\u0105 dzia\u0142alno\u015b\u0107. Jak mo\u017cesz pom\u00f3c?<\/p>\n<p style=\"text-align: justify;\">Dokonuj\u0105c jednorazowych lub systematycznych wp\u0142at na dowoln\u0105 kwot\u0119 na konto stowarzyszenia.<\/p>\n<p style=\"text-align: justify;\"><strong>Prawid\u0142owe wp\u0142aty na konto powinno wygl\u0105da\u0107 nast\u0119puj\u0105co:<\/strong><\/p>\n<p style=\"text-align: justify;\">Nazwa odbiorcy:<\/p>\n<p style=\"text-align: justify;\"><strong>Teen Challenge Chrze\u015bcijanka Misja Spo\u0142eczna oddzia\u0142 Ostr\u00f3w Wielkopolski<\/strong><\/p>\n<p style=\"text-align: justify;\">Numer rachunku odbiorcy w PLN:<\/p>\n<p style=\"text-align: justify;\"><strong>44 1540 1173 2117 0004 9940 0001<\/strong><\/p>\n<p style=\"text-align: justify;\">Tytu\u0142em: <strong>Darowizna<\/strong><\/p>\n<p style=\"text-align: justify;\">Za ka\u017cd\u0105 przekazan\u0105 darowizn\u0119 BARDZO DZI\u0118KUJEMY.<\/p>\n","protected":false},"excerpt":{"rendered":"<p>Prowadzenie stowarzyszenia oraz realizowanie wielu dzia\u0142a\u0144 i projekt\u00f3w wymaga od nas wielu \u015brodk\u00f3w finansowych i ogromnego nak\u0142adu pracy. Je\u015bli podoba ci si\u0119 to, co robimy \u2013 mo\u017cesz wspom\u00f3c nasz\u0105 dzia\u0142alno\u015b\u0107. Jak mo\u017cesz pom\u00f3c? Dokonuj\u0105c jednorazowych lub systematycznych wp\u0142at na dowoln\u0105 kwot\u0119 na konto stowarzyszenia. Prawid\u0142owe wp\u0142aty na konto powinno wygl\u0105da\u0107 nast\u0119puj\u0105co: Nazwa odbiorcy: Teen Challenge &#8230; <span class=\"more\"><a class=\"more-link\" href=\"https:\/\/teenchallenge-ostrow.pl\/?page_id=21\">Czytaj dalej<\/a><\/span><\/p>\n","protected":false},"author":1,"featured_media":0,"parent":0,"menu_order":0,"comment_status":"closed","ping_status":"closed","template":"","meta":{"ngg_post_thumbnail":0,"footnotes":"","_links_to":"","_links_to_target":""},"class_list":["entry","page","publish","author-admin","post-21"],"_links":{"self":[{"href":"https:\/\/teenchallenge-ostrow.pl\/index.php?rest_route=\/wp\/v2\/pages\/21","targetHints":{"allow":["GET"]}}],"collection":[{"href":"https:\/\/teenchallenge-ostrow.pl\/index.php?rest_route=\/wp\/v2\/pages"}],"about":[{"href":"https:\/\/teenchallenge-ostrow.pl\/index.php?rest_route=\/wp\/v2\/types\/page"}],"author":[{"embeddable":true,"href":"https:\/\/teenchallenge-ostrow.pl\/index.php?rest_route=\/wp\/v2\/users\/1"}],"replies":[{"embeddable":true,"href":"https:\/\/teenchallenge-ostrow.pl\/index.php?rest_route=%2Fwp%2Fv2%2Fcomments&post=21"}],"version-history":[{"count":2,"href":"https:\/\/teenchallenge-ostrow.pl\/index.php?rest_route=\/wp\/v2\/pages\/21\/revisions"}],"predecessor-version":[{"id":23,"href":"https:\/\/teenchallenge-ostrow.pl\/index.php?rest_route=\/wp\/v2\/pages\/21\/revisions\/23"}],"wp:attachment":[{"href":"https:\/\/teenchallenge-ostrow.pl\/index.php?rest_route=%2Fwp%2Fv2%2Fmedia&parent=21"}],"curies":[{"name":"wp","href":"https:\/\/api.w.org\/{rel}","templated":true}]}}